re the prime factors of 4/(b/(3535/(-10)))?
2, 101
What are the prime factors of (-1 - -3)/(10/(-175)*(-25)/8165)?
7, 23, 71
Suppose 6 = -2*t + 26. List the prime factors of (t/(-2))/(7/(-2156)*4).
5, 7, 11
Suppose -f - 3*a - 1 = -46, 0 = -2*a. Suppose 44*c = f*c - 3. Suppose c*i - 6 = 54. List the prime factors of i.
2, 5
Let c(z) = -z**2 - 41*z - 72. Let j be c(-28). What are the prime factors of j/3 + 8/12?
2, 7
Let h(c) = 13*c**2 - 956*c + 103. List the prime factors of h(81).
2, 5, 199
Suppose -5 = q - 6. Let b be (q - 2)*5 + -5971. What are the prime factors of ((-3)/4)/(27/b)?
2, 83
Suppose -21*l - 2424 + 29157 = 0. Let u = -296 + l. What are the prime factors of u?
977
List the prime factors of 705104/104 + (-4)/(-26).
2, 3, 5, 113
Let q(d) = 94*d - 47. Let i be q(10). Let g = i + 27. What are the prime factors of g?
2, 5, 23
What are the prime factors of 37/(-5)*-354*(-90)/(-108)?
37, 59
Suppose -3*v - 13 = c + 39, 5*c - 2*v + 311 = 0. What are the prime factors of (-1)/(12/(-66) + c/(-341))?
11, 31
Let m = -11977 - -23295. List the prime factors of m.
2, 5659
What are the prime factors of (-252321)/(-24) - (-15)/(-40)?
10513
Suppose 0 = -47*s + 28414 + 283828 + 60985. List the prime factors of s.
3, 2647
What are the prime factors of (1052/12*3)/(1/28)?
2, 7, 263
Suppose 30*r = 5*r + 1536603 - 85103. What are the prime factors of r?
2, 5, 2903
Let k(v) = 22*v - 106. Let s be k(5). List the prime factors of s + -2 + -3 + 900/4.
2, 7
Let o(w) = 1243*w**2 + 1670*w + 10047. What are the prime factors of o(-6)?
3, 5, 199
Let y(p) = 67*p**2 - 56*p + 191. List the prime factors of y(27).
2, 23761
Suppose 0 = -5*x + l + 71, 0 = 6*x - x - 3*l - 63. Suppose o - x = 517. Let g = o + -379. List the prime factors of g.
3, 17
Let c(b) = -7*b - 11. Let k be c(-2). Suppose -35 = k*o + 262. Let h = o + 195. List the prime factors of h.
2, 3
Let k(t) = 3*t**3 + 3*t**2 - 2*t. Let r(y) = y - 1. Let u be r(3). Let c be k(u). Suppose -c*n + 34*n - 138 = 0. List the prime factors of n.
3, 23
Let h be (-548)/(-12) - 5/(-15). Suppose 0 = 3*w + 4*i - 17, -3*w - 2*i - 4 = -17. Suppose -4*k + 2*v = -h, 2*k + 4*v - 5 = w. List the prime factors of k.
2, 5
Suppose -83*r + 4*r - 52*r + 1667761 = 0. What are the prime factors of r?
29, 439
Suppose q = -3*d + 13, q + 1 = d + 2. Suppose 0 = 2*a + 4*i - 26, 2*i - i = d. What are the prime factors of (0 + 213)*(-2 + a/3)?
71
Let f(c) = 15*c + 23. Let r(x) = 6*x + 23 + 7*x + x. Let j(d) = 5*f(d) - 6*r(d). What are the prime factors of j(-7)?
2, 5
Let u(d) = 40*d + 15107. List the prime factors of u(-8).
3, 31, 53
Suppose 586 = -6*k - 164. Let g = k - -99. What are the prime factors of (12 - 7 - -11)*g/(-4)?
2, 13
Suppose -5*b + t + 3233 = -11639, 6 = 2*t. List the prime factors of b.
5, 7, 17
Suppose -2*y + 1970 = -4*g, 0 = 67*y - 65*y + 5*g - 1988. What are the prime factors of y?
23, 43
Suppose 0 = -5*n + 4*p + 12, n - p = 9 - 6. Suppose 2*d - 3*m + 6*m - 787 = 0, n = -d + m + 386. List the prime factors of d.
389
What are the prime factors of (1 + 0/3)/(8506395/(-386655) + 22)?
149, 173
Let d be (-4)/(-6) - 832/6. Let i be (-8 - (-3 + 1)) + 289. Let s = d + i. What are the prime factors of s?
5, 29
Let m(s) = s**2 + 14*s + 38. Let b be m(-14). Suppose -g = -b + 37. Suppose 2*l - 8 = 0, -g = 3*j - 5*l - 8. List the prime factors of j.
3
Suppose -b - 13 = -14, 9964 = 2*a + 2*b. What are the prime factors of a?
17, 293
Let u be (3 - 15/(-20))*-16. What are the prime factors of (u/(-75))/(5/1350)?
2, 3
Let s(f) = -f**2 + 6*f - 5. Let q(c) = c**2 - 3*c - 4. Let a be q(6). Let h be s(a). List the prime factors of (-7)/(87/h + (-2)/(-3)).
7, 13
Let a be 138/(-12) - (-6)/4. What are the prime factors of ((-4)/6)/(a/270)?
2, 3
Suppose 159163 + 64634 = 20*c + 50757. What are the prime factors of c?
2, 3, 7, 103
Suppose 21*n - 2423 = -m + 25*n, -6*n + 4776 = 2*m. List the prime factors of m.
3, 89
Let b = 24 + -6. Suppose b = w + 5. What are the prime factors of (-2 - -53) + w + -15?
7
Let f be (-2284 - -13)/(5 - 6). Let d = f + -892. List the prime factors of d.
7, 197
Let z(f) = 4816*f - 808. List the prime factors of z(6).
2, 3511
Let o(v) = 44*v**3 + 28*v**2 - 138*v + 7. List the prime factors of o(5).
3, 613
Let y(n) = 12*n**2 - 13*n + 1. Let k be y(1). Suppose k = -7*l + 950 + 443. List the prime factors of l.
199
Let y(x) = -x**3 - 5*x**2 - 9*x - 4. Let q be y(-6). Let k = 124 - q. What are the prime factors of k?
2, 19
Let m(d) = -7*d - 45. Let a be m(-7). Suppose 2*g = i + 759, 2129 = a*g + i + 596. Suppose 3*p - 20 - g = 0. What are the prime factors of p?
2, 67
Let f(a) = 1445*a + 589. What are the prime factors of f(8)?
12149
Let t(u) = -57*u - 68. Let s = -70 - -64. List the prime factors of t(s).
2, 137
Let w = -7244 - -9207. What are the prime factors of w?
13, 151
Let i(x) = -53*x**3 - 9*x**2 - 4*x + 5. Let g(u) = -13*u**3 - 2*u**2 - u + 1. Let y(w) = -18*g(w) + 4*i(w). List the prime factors of y(2).
2, 7, 13
Suppose 0*x + 2*k + 5 = 3*x, -5*x - 4*k = 21. List the prime factors of x*(-8)/(-2) + 125.
11
Suppose -2*a = -379 - 1229. Suppose 10*c - 14*c = -a. What are the prime factors of c?
3, 67
Let l = 8116 - -9271. What are the prime factors of l?
17387
Suppose -4*f + 0*f + 18588 = 4*p, f + 2*p - 4644 = 0. Suppose 3*z = z + f. Suppose 615 = -10*g + z. What are the prime factors of g?
3, 19
Let w(x) = 23*x**2 - 81*x - 711. List the prime factors of w(-19).
23, 397
Suppose 11*n - 4*w = 26183, 0 = -2*n - w - 0*w + 4764. List the prime factors of n.
2381
Let u(w) = 558*w + 1173. List the prime factors of u(11).
3, 2437
Suppose 40*q = -195 + 75. What are the prime factors of (11052/(-60))/(q/10)?
2, 307
Let a be ((-26)/5 + 2)/(14/(-35)). Suppose -8 = 3*j - 7*j. Suppose j*b + a*b - 1120 = 0. What are the prime factors of b?
2, 7
Suppose 3*n - 81 - 55 = -j, -5*j - 5*n + 640 = 0. Suppose 0*r + 288 = 5*r + 3*t, 2*r = t + j. Let i = 245 - r. What are the prime factors of i?
5, 37
What are the prime factors of (161/14)/23*-6 - -21384?
3, 7127
Let a(y) = -109*y + 2152. What are the prime factors of a(-58)?
2, 19, 223
Suppose 15*k - 11*k + 55 = -3*g, -5*k = 2*g + 32. What are the prime factors of ((-15678)/273)/(1/g)?
2, 3, 67
Let s(j) = -7*j**3 - 16*j**2 + 18*j + 15. Let k(t) = 15*t**3 + 31*t**2 - 34*t - 30. Let b(u) = 6*k(u) + 13*s(u). What are the prime factors of b(-24)?
3, 149
Suppose 2*v + 2*v - 29649 = -5*c, -c - 5*v + 5913 = 0. List the prime factors of c.
17, 349
Let r(a) = -19*a + 887. List the prime factors of r(34).
241
Let v(s) = -s**3 + 3*s**2 + 4*s - 2. Let d be v(3). Suppose -x - 45 = -d*x. Let n(m) = 7*m + 1. List the prime factors of n(x).
2, 3
Let r(w) = 7*w - 5. Let i be r(1). Suppose -5*z = -2*k + 811, -6*z + 784 = i*k - 2*z. Suppose -k = -6*h + 334. What are the prime factors of h?
2, 61
Let h = -2922 - -602. List the prime factors of 4/18 - h/(-36)*-4.
2, 3, 43
Let d(o) = -o**2 + 13*o + 13. Let j be d(12). Let q(x) = -x + 6 + 12 + j. What are the prime factors of q(-18)?
61
Let u(c) = 275*c**2 - 94*c + 1545. What are the prime factors of u(15)?
2, 3, 5, 13, 53
Let z(t) = 2*t**2 - 2*t - 1. Let u be z(6). Suppose -315 = -3*l + 2*w, w = -11 + 8. Let h = l - u. List the prime factors of h.
2, 11
Let n = 26898 - 16568. What are the prime factors of n?
2, 5, 1033
Let r = -540 - -1165. Suppose r = 4*h - 859. What are the prime factors of h?
7, 53
Let r(u) = 5*u - 155. Let b be r(31). Suppose 63*i - 55*i - 3320 = b. List the prime factors of i.
5, 83
Let m = -344 + 347. Let o = -75 + 143. Suppose m*p - 76 - o = 0. What are the prime factors of p?
2, 3
Suppose -5*o = -15, p + 6*o - 933 = 2*o. Suppose 9*m + 75 - p = 0. List the prime factors of m.
2, 47
Let v(u) = 9*u**3 + 3*u**2 + 3*u - 13. Let c(z) = 2*z**2 - 4*z + 4. Let a be c(2). List the prime factors of v(a).
7, 89
Let b = 3004 - 5664. Let n = -1324 - b. What are the prime factors of n?
2, 167
Let n(r) = 1917*r - 1281. What are the prime factors of n(6)?
3, 3407
Let k = -92 + 100. Let i(l) = 1 + 1 - k + 29*l - 1. What are the prime factors of i(7)?
2, 7
List the prime factors of -12 - 23/(69/(-44235)).
3, 1637
Suppose 27*x = 23*x + 1344. Let a = x - -22. What are the prime factors of a?
2, 179
Let w(x) = -1908*x + 2027. What are the prime factors of 